 5*i - 5*r. Calculate y(i).
-24
Let h(y) be the third derivative of y**5/60 - y**4/24 - 5*y**3/6 - 6*y**2 - y. Calculate h(0).
-5
Let w(u) = u**2 + 12*u + 1. Let a(n) = -2*n + 1. Let o(l) = 3*a(l) + w(l). Determine o(-4).
-4
Let k(a) = -11*a**3 + 11*a**2 - 3*a - 7. Let r(o) = 2*o**3 - o**2 + o. Let z(m) = -k(m) - 6*r(m). What is z(-5)?
22
Let j(n) be the third derivative of -n**5/30 - n**4/12 + 2*n**3/3 - 2*n**2 - 154*n. Calculate j(3).
-20
Suppose 5*o + 9*o = 6*o. Let v(i) = i**2 + 2*i + 12. Calculate v(o).
12
Let b(w) = w**3 + w**2 - 2*w - 2. Let t(o) = 6*o**2 - 3*o - 2. Let f be t(-1). Suppose 0 = -f*a - 6 - 8. Determine b(a).
-2
Let v(j) = j**3 + 6*j**2 + 7*j + 4. Suppose -2*c - 4*w = 2, -3*c = -w + 22 + 9. Let u(d) = 10*d + 85. Let m be u(c). What is v(m)?
-6
Let d be 3/12 + 2*513/24. Let n = d + -43. Let k(m) = -m**3 - m**2 - m - 20. Calculate k(n).
-20
Let v(c) be the second derivative of 10*c + 0 + 1/3*c**3 - 1/2*c**2 + 1/12*c**4. Calculate v(-2).
-1
Let k(l) = 2*l**2 - 2*l + 2. Let s be k(-2). Suppose 0 = -3*j + 3*c - 9, -2*c = 2*j + c - s. Suppose -2*a + 11 = -j. Let q(h) = h - 8. What is q(a)?
-2
Let n(q) = -4*q + 2*q - 4 - 2 + q. What is n(-2)?
-4
Let y(w) = -w**2 + w + 36. Suppose 4*k - 4 = -7*a + 12*a, -5*a = 2*k - 2. Determine y(a).
36
Let w(r) = r**2 + 4*r + 5. Suppose -12*v + 7*v - 40 = 5*m, -2*m - v = 12. Calculate w(m).
5
Let i = 275 - 271. Let q(t) be the third derivative of 0 + 0*t + 5/6*t**3 + i*t**2 + 7/24*t**4 + 1/60*t**5. Calculate q(-5).
-5
Let s(x) be the first derivative of x**3/3 + 11*x**2/2 + 10*x + 156. Calculate s(-9).
-8
Let k(s) = 8*s**2 + s. Let p(z) = -2*z - 7. Let n be p(0). Let o(y) = y**3 + 6*y**2 - 5*y + 13. Let t be o(n). Determine k(t).
7
Let s(f) = -f**2 - 3*f + 4. Let k = -11 - -13. Suppose -k*a + 39 = -5*o - 4*a, 3*o = 4*a - 13. Determine s(o).
-24
Let t(g) = g**3 - 3*g**2 - 3*g - 2. Suppose 5*l - 25 + 35 = -5*p, 5*l + 19 = -2*p. Calculate t(p).
-11
Let f = 114 - 115. Let u be (-34)/(-10) + 6/(-15). Let v(c) = 0*c - u - 8*c + 2. What is v(f)?
7
Let y be (-2)/(-4) + 1/(-2). Let m(s) = 8 + 0 - s**2 + 0*s**2 - 2 + s**3. Determine m(y).
6
Suppose 0 = -2*j + j + 5. Suppose 10 = 6*d - j*d. Let m(h) = -d*h - 6 + 34*h - 20*h + 3. What is m(3)?
9
Let a(g) = 51 - g**2 - 4*g - 44 + 2*g**2 - 2*g**2. Let p = -254 + 247. Calculate a(p).
-14
Let f(a) be the third derivative of -a**4/24 - a**3/3 - 50*a**2. Determine f(-7).
5
Let c(m) = 2*m**3 - 2*m**2 - m - 1. Let z be c(2). Let y(k) = 2 + 4*k**2 + z*k - k**3 + 0*k**2 + k**2. Determine y(6).
-4
Let w be 4/(-6) - 40/(-24). Let k = w + -11. Let s = k + 16. Let t(o) = -o**3 + 7*o**2 - 4*o - 3. Give t(s).
9
Let f be (-3 - -9) + 1 + -1. Let h(y) be the first derivative of y**2/2 - 5*y + 124. Determine h(f).
1
Let z(c) = -c**3 - 8*c**2 - 6*c + 9. Let t be z(-7). Suppose -t*a + 2 = -12. Let u = -10 + a. Let x(w) = -2*w + 4. Determine x(u).
10
Let u = 31 + -6. Let k = -23 + u. Let v(o) = -o**3 + o**2 + o - 1. Let m be v(k). Let q(g) = -g**3 - 4*g**2 - 3*g. What is q(m)?
0
Let o(h) = -h**3 + 5*h**2 - 4*h - 5. Suppose 0 = r + 2*n - 24, -r = 2*r + 2*n - 64. Suppose 5*y = 3*u + 8, u + y = -3*y + r. Calculate o(u).
-5
Let m(v) = -48*v - 51. Let u(p) = -9*p - 10. Let d(n) = -2*m(n) + 11*u(n). Calculate d(0).
-8
Let f = 15 + -12. Suppose y + f*y - 12 = -5*d, -d - 2*y = 0. Let q(n) = 2*n - d*n - 3*n. Determine q(1).
-5
Let x be (-6)/(-10)*(-2 - -7). Let l(p) be the first derivative of p**3 + p**3 - p + 2 + 2*p**3 + p**2 - 3*p**x. Give l(1).
4
Let y be ((-1)/2 - -1)/(280/(-2800)). Let w(a) = -8*a + 3. Let u(b) = 9*b - 3. Let r(d) = 6*u(d) + 7*w(d). What is r(y)?
13
Let y = 550 + -548. Suppose -17 = -5*n + 3. Suppose y = -o - o - 4*x, n*o - 35 = 5*x. Let u(r) = r**3 - 5*r**2 - 2*r + 7. What is u(o)?
-3
Let x be (-65)/78 - (-53)/6. Let r(g) = -7*g + 9. What is r(x)?
-47
Let w(v) = -3*v + 5. Suppose 0 = -15*j - 15 + 105. Determine w(j).
-13
Suppose 0 = 5*b + 19*b - 168. Let u(w) = 3*w**2 - 23*w + 14. Give u(b).
0
Let s(b) be the third derivative of b**5/60 + b**4/2 + 2*b**3 + 3*b**2. Let c be s(-9). Let i be (c/(-9) - 1)*3. Let x(f) = f**3 + f + 1. What is x(i)?
11
Let b(a) = a**3 + 5*a**2 + 5*a + 64. Let j be b(-6). Let s(x) = x**3 + x**2 + 2*x + 3. Give s(j).
-5
Let m(j) = 130*j - 2*j**2 - 4*j**2 + 137*j + 3*j**2 - 2 - 266*j. Give m(3).
-26
Let v(h) be the second derivative of h**5/5 + h**2/2 + 7*h. Let x(i) = i**3 + 22*i**2 - 77*i - 49. Let p be x(-25). Determine v(p).
5
Let s be 76/18 + (-20)/90. Let o(d) = d - 3. What is o(s)?
1
Let c(r) = -34 - r + 3*r - 10*r + 33. Give c(-1).
7
Suppose 5*i = 2*i + 12. Let s(g) = -13*g + i + 1 + 16*g. Determine s(-5).
-10
Let t(o) = -o**3 + 4*o**2 - 2*o - 2. Let n(c) = c**3 + 22*c**2 - 48*c + 4. Let h be n(-24). Give t(h).
-10
Let f(u) = -u**3 - 3*u**2 - 3*u - 7. Let z(y) = -y**3 - 3*y**2 - 2*y - 6. Let m(d) = 3*f(d) - 4*z(d). Suppose 19 = 8*s + 43. Determine m(s).
6
Let i(n) be the first derivative of n**3/3 - 3*n**2 + 2*n - 323. Calculate i(4).
-6
Let h(f) = -f**3 + 5*f**2 + 4*f + 14. Let o be h(6). Let k(z) = 8*z**2 - o*z - 2*z - 2 + z - 9*z**2. Give k(-6).
-20
Let b be ((-9)/15)/(1 + 130/(-125)). Let z(c) = -c**3 + 14*c**2 + 16*c - 16. What is z(b)?
-1
Suppose 616*r - 620*r - 47 = -5*t, -5*t - 5*r + 20 = 0. Suppose 0 = -0*m + 5*m - 40. Let k(x) = 1 - x**2 + 2 - 7*x**2 + m*x + x**3. Give k(t).
10
Let g(n) be the second derivative of 0 + 1/3*n**3 - 7*n - 3*n**2. Give g(4).
2
Let w = 26 + -6. Let o be (w/(-25))/((-4)/(-10)). Let v(f) be the second derivative of -f**3/3 - f**2/2 - 2*f. Calculate v(o).
3
Let k(i) = -i - 7 - 17 + 9. Give k(12).
-27
Let j(m) = -m**3 + 3*m**2 + 2. Let z be j(2). Suppose -z*t + 56 = -10. Let q(r) = -r**3 + 11*r**2 - r + 2. What is q(t)?
-9
Let y(b) be the second derivative of -13*b**4/12 - b**2/2 + b. Suppose 25 = -4*t + 9*t, -4*z + 4*t - 16 = 0. Give y(z).
-14
Let p be 5/1 + -1 - (-21 + 3). Suppose -38 + p = 4*i. Let t(d) = d**2 + 4*d + 4. Calculate t(i).
4
Let m = -1627 - -1621. Let k(b) be the third derivative of b**6/120 + b**5/10 - b**4/6 - 2*b**3/3 + b**2. Calculate k(m).
20
Let i(b) be the third derivative of -1/45*b**6 + 2*b**2 - 1/120*b**5 + 0 + 0*b + 1/6*b**4 + 0*b**3. Let q(c) be the second derivative of i(c). Calculate q(-1).
15
Let x(o) be the first derivative of -o**3/3 + 7*o**2/2 - 2. Let d be 2/(-5 + (-270)/(-50)). Calculate x(d).
10
Suppose -3*v + 11 = -4. Let y(m) = -v*m - m + 8 + 7*m. Determine y(-4).
4
Let k(t) = t**2 - 17 - 8*t + 54 - 17 - 17. Calculate k(7).
-4
Let u(d) = d**2 + 9*d + 7. Suppose -4*s + 4 = -8. Let g be (7 - 7) + 1*s. Suppose -3*w - 3*k - k - 22 = 0, g*w - 4*k = -14. Determine u(w).
-11
Let m(j) be the first derivative of -j**4/12 - 5*j**3/6 + 7*j**2/2 - 7*j + 9. Let b(q) be the first derivative of m(q). Determine b(-7).
-7
Let o(u) be the third derivative of -u**6/120 + u**4/24 + 2*u**3 - 10*u**2 + 4*u. Determine o(0).
12
Let a(b) = -3*b**3 - 144*b**2 + 141*b**2 - b - b + b**3. Give a(-1).
1
Let m(k) = -3*k**2 + 26*k + 18. Let f(u) = 2*u**2 - 17*u - 12. Let q(g) = 8*f(g) + 5*m(g). Suppose 27*n - 1931 + 1742 = 0. Give q(n).
1
Let m(q) be the first derivative of q**3/3 - q**2/2 + 15*q - 2. Give m(0).
15
Let y(o) = -5*o**2 - 9*o + 4. Let r(q) = 11*q**2 + 20*q - 9. Let v(k) = 4*r(k) + 9*y(k). Determine v(2).
-6
Let l be (1 + 1 + 4)/(18/12). Suppose 4*o = -2*x + 18, -l*x = 6*o - o - 18. Let z(r) = -r. Give z(o).
-6
Let j(y) = -49*y**3 - 14*y**2 - 14*y + 19. Let m(w) = 16*w**3 + 5*w**2 + 5*w - 7. Let n(a) = -4*j(a) - 11*m(a). Calculate n(-1).
-19
Suppose -14 = 4*v - 2*s, 4*s + 0*s - 2 = -5*v. Let h = -5 + v. Let p(f) = 2*f + 6. Give p(h).
-8
Let m be ((-32)/18)/(24/(-108)). Let x(i) = -i**3 + 8*i**2 + i - 7. Give x(m).
1
Let k(x) = x**3 + 4*x**2 + x + 18. Let i(n) = -n**2 - 3. Let p(c) = -5*i(c) - k(c). Let q be (-4)/(-8) + (-1)/2. Determine p(q).
-3
Let c = -4 - -7. Let j(w) be the third derivative of 1/120*w**6 - 28*w**2 + 0*w - 1/20*w**5 + 0 - 1/8*w**4 + 0*w**3. Calculate j(c).
-9
Let s(c) be the third derivative of -5/3*c**3 + 1/24*c**4 - 8*c**2 + 0 + 0*c. Give s(0).
-10
Let h = -6 - -11. Let b(o) = -h*o - 5*o + 2 + 2 - o**2 - 7. Calculate b(-8).
13
Let h(x) = -4*x + 81. Let i be h(19). Suppose -9 = -7*f + i. Let v(p) be the second derivative of -p**4/12 + p**3/2 - p**2/2 - p